{"id":9413,"date":"2024-11-01T13:50:58","date_gmt":"2024-11-01T13:50:58","guid":{"rendered":"https:\/\/98cc7e2c322597790.temporary.link\/sitios\/citadelle\/?page_id=9413"},"modified":"2024-11-19T01:23:18","modified_gmt":"2024-11-19T04:23:18","slug":"carlos-rodriguez-capurro","status":"publish","type":"page","link":"https:\/\/citadelle.uy\/sitio\/carlos-rodriguez-capurro\/","title":{"rendered":"Carlos Rodr\u00edguez Capurro"},"content":{"rendered":"<div class=\"wpb-content-wrapper\"><div class=\"vc_row wpb_row vc_row-fluid\"><div class=\"aligncenter wpb_column vc_column_container vc_col-sm-12\"><div class=\"vc_column-inner \"><div class=\"wpb_wrapper\"><div class='dt-sc-hr-invisible-medium '> <\/div><div class='dt-sc-small-separator '><\/div><h2>Conoce Nuestro Equipo<\/h2><div class='dt-sc-hr-invisible-small '> <\/div><div class='dt-sc-clear '> <\/div><\/div><\/div><\/div><\/div><div class=\"vc_row wpb_row vc_row-fluid\"><div class=\"wpb_column vc_column_container vc_col-sm-6\"><div class=\"vc_column-inner \"><div class=\"wpb_wrapper\"><div class='dt-sc-hr-invisible-small '> <\/div><div class='dt-sc-team  '><div class='dt-sc-team-thumb'><img loading=\"lazy\" decoding=\"async\" width=\"960\" height=\"960\" src=\"https:\/\/citadelle.uy\/sitio\/wp-content\/uploads\/2024\/10\/Carlos_r.jpg\" class=\"attachment-full\" alt=\"\" title=\"Carlos_r\" srcset=\"https:\/\/citadelle.uy\/sitio\/wp-content\/uploads\/2024\/10\/Carlos_r.jpg 960w, https:\/\/citadelle.uy\/sitio\/wp-content\/uploads\/2024\/10\/Carlos_r-300x300.jpg 300w, https:\/\/citadelle.uy\/sitio\/wp-content\/uploads\/2024\/10\/Carlos_r-150x150.jpg 150w, https:\/\/citadelle.uy\/sitio\/wp-content\/uploads\/2024\/10\/Carlos_r-768x768.jpg 768w\" sizes=\"auto, (max-width: 960px) 100vw, 960px\" \/><\/div><div class='dt-sc-team-details'><h4>Carlos Rodr\u00edguez Capurro<\/h4><h5>Socio Fundador<\/h5><ul class='dt-sc-team-social hexagon-border'><li><a class=\"fa fa-linkedin\" href=\"https:\/\/www.linkedin.com\/in\/carlos-mar%C3%ADa-rodr%C3%ADguez-capurro-8a36731\" title=\"Linkedin\"><\/a><\/li><\/ul><p><\/p><\/div><\/div><div class='dt-sc-hr-invisible-small '> <\/div><\/div><\/div><\/div><div class=\"wpb_column vc_column_container vc_col-sm-6\"><div class=\"vc_column-inner \"><div class=\"wpb_wrapper\">\r\n\t<div class=\"wpb_text_column wpb_content_element \" >\r\n\t\t<div class=\"wpb_wrapper\">\r\n\t\t\t<h2><b><span data-contrast=\"none\">Carlos Rodr\u00edguez Capurro<\/span><\/b><span data-contrast=\"none\">\u00a0<\/span><span data-ccp-props=\"{}\">\u00a0<\/span><\/h2>\n<h4><span data-contrast=\"none\">Socio Fundador<\/span><span data-ccp-props=\"{}\">\u00a0<\/span><\/h4>\n<p><b><span data-contrast=\"none\">Carlos Rodr\u00edguez Capurro<\/span><\/b><span data-contrast=\"none\"> cofund\u00f3 <\/span><b><span data-contrast=\"none\">Citadelle Legal\/Tax &amp; Accounting<\/span><\/b><span data-contrast=\"none\">, tras una s\u00f3lida trayectoria de 18 a\u00f1os como socio en el estudio Blanco &amp; Etcheverry y una destacada experiencia internacional como socio en Bureau Francis Lefebvre en Uruguay y previamente cinco a\u00f1os como asociado en Ferrere.<\/span><span data-ccp-props=\"{&quot;335551550&quot;:6,&quot;335551620&quot;:6,&quot;335559739&quot;:160}\">\u00a0<\/span><\/p>\n<p><span data-contrast=\"none\">Actualmente, lidera las \u00e1reas Corporativa y de Litigios en la firma.<\/span><span data-ccp-props=\"{}\">\u00a0<\/span><span data-ccp-props=\"{}\">\u00a0<\/span><\/p>\n<p><span data-contrast=\"none\">En el \u00e1mbito <\/span><b><span data-contrast=\"none\">corporativo<\/span><\/b><span data-contrast=\"none\">, Carlos ha centrado su pr\u00e1ctica en <\/span><b><span data-contrast=\"none\">fusiones y adquisiciones<\/span><\/b><span data-contrast=\"none\">, <\/span><b><span data-contrast=\"none\">financiamiento de proyectos<\/span><\/b><span data-contrast=\"none\">, y <\/span><b><span data-contrast=\"none\">asesor\u00eda en licitaciones y proyectos de infraestructura<\/span><\/b><span data-contrast=\"none\">.\u00a0<\/span><span data-ccp-props=\"{}\">\u00a0<\/span><span data-ccp-props=\"{}\">\u00a0<\/span><\/p>\n<p><span data-contrast=\"none\">Ha trabajado con industrias clave como la <\/span><b><span data-contrast=\"none\">agroindustria<\/span><\/b><span data-contrast=\"none\">, <\/span><b><span data-contrast=\"none\">energ\u00eda<\/span><\/b><span data-contrast=\"none\"> e <\/span><b><span data-contrast=\"none\">inversiones<\/span><\/b><span data-contrast=\"none\">, asesorando a empresas agropecuarias, productoras de semillas y agroqu\u00edmicos, as\u00ed como a compa\u00f1\u00edas del sector lechero y ganadero. Tambi\u00e9n ha colaborado en la implementaci\u00f3n de <\/span><b><span data-contrast=\"none\">parques e\u00f3licos<\/span><\/b><span data-contrast=\"none\"> y en la estructuraci\u00f3n de <\/span><b><span data-contrast=\"none\">proyectos inmobiliarios<\/span><\/b><span data-contrast=\"none\"> privados y residenciales.<\/span><span data-ccp-props=\"{}\">\u00a0<\/span><span data-ccp-props=\"{}\">\u00a0<\/span><\/p>\n<p><span data-contrast=\"none\">En <\/span><b><span data-contrast=\"none\">soluci\u00f3n de disputas<\/span><\/b><span data-contrast=\"none\">, Carlos tiene una extensa experiencia en <\/span><b><span data-contrast=\"none\">litigios civiles y comerciales<\/span><\/b><span data-contrast=\"none\">, as\u00ed como en <\/span><b><span data-contrast=\"none\">procedimientos de arbitraje internacionales<\/span><\/b><span data-contrast=\"none\">.\u00a0<\/span><span data-ccp-props=\"{}\">\u00a0<\/span><\/p>\n<p><b><span data-contrast=\"none\">Chambers &amp; Partners<\/span><\/b><span data-contrast=\"none\">, en su Edici\u00f3n de Am\u00e9rica Latina, lo destaca como un abogado con amplia experiencia en estas \u00e1reas. Su enfoque estrat\u00e9gico y multi jurisdiccional ha sido clave en la gesti\u00f3n de casos complejos.<\/span><span data-ccp-props=\"{}\">\u00a0<\/span><\/p>\n<p><span data-contrast=\"none\">Con una s\u00f3lida formaci\u00f3n, Carlos es <\/span><b><span data-contrast=\"none\">Doctor en Derecho y Ciencias Sociales<\/span><\/b><span data-contrast=\"none\"> por la Universidad de la Rep\u00fablica Oriental del Uruguay (2000) y posee un <\/span><b><span data-contrast=\"none\">LL.M. en Derecho Internacional<\/span><\/b><span data-contrast=\"none\"> por la Georgetown University Law Center, Washington D.C. (2004).<\/span><span data-ccp-props=\"{}\">\u00a0<\/span><\/p>\n<p><span data-contrast=\"none\">A nivel acad\u00e9mico, ha sido ponente en temas de relevancia internacional como <\/span><b><span data-contrast=\"none\">mercado de carbono<\/span><\/b><span data-contrast=\"none\">, <\/span><b><span data-contrast=\"none\">antitrust<\/span><\/b><span data-contrast=\"none\">, <\/span><b><span data-contrast=\"none\">exportaciones uruguayas a la Uni\u00f3n Europea<\/span><\/b><span data-contrast=\"none\">, <\/span><b><span data-contrast=\"none\">sistema multilateral de comercio<\/span><\/b><span data-contrast=\"none\">, y <\/span><b><span data-contrast=\"none\">propiedad intelectual de obtenciones vegetales<\/span><\/b><span data-contrast=\"none\">.<\/span><span data-ccp-props=\"{}\">\u00a0<\/span><span data-ccp-props=\"{}\">\u00a0<\/span><\/p>\n<p><span data-contrast=\"auto\">\u201c<\/span><span data-contrast=\"none\">Carlos Rodr\u00edguez Capurro is an excellent professional. He knows his profession in depth and provides excellent points of analysis.\u00bb<\/span><span data-contrast=\"auto\"> \u201cDynamic partner Carlos Rodr\u00edguez Capurro is commended by clients for his assistance throughout all stages of residential and tourist real estate projects, including structuring trusts, financing and construction in Uruguay\u201d.<\/span><\/p>\n\r\n\t\t<\/div>\r\n\t<\/div>\r\n<\/div><\/div><\/div><\/div><div class=\"vc_row wpb_row vc_row-fluid\"><div class=\"wpb_column vc_column_container vc_col-sm-12\"><div class=\"vc_column-inner \"><div class=\"wpb_wrapper\"><div class='dt-sc-hr-invisible-medium '> <\/div><div class=\"vc_separator wpb_content_element vc_separator_align_center vc_sep_width_100 vc_sep_pos_align_center vc_separator_no_text vc_sep_color_grey wpb_content_element  wpb_content_element\" ><span class=\"vc_sep_holder vc_sep_holder_l\"><span class=\"vc_sep_line\"><\/span><\/span><span class=\"vc_sep_holder vc_sep_holder_r\"><span class=\"vc_sep_line\"><\/span><\/span>\n<\/div><div class='dt-sc-hr-invisible-medium '> <\/div><\/div><\/div><\/div><\/div>\n<\/div>","protected":false},"excerpt":{"rendered":"Conoce Nuestro Equipo Carlos Rodr\u00edguez CapurroSocio Fundador Carlos Rodr\u00edguez Capurro\u00a0\u00a0 Socio Fundador\u00a0 Carlos Rodr\u00edguez Capurro cofund\u00f3 Citadelle Legal\/Tax &amp; Accounting, tras una s\u00f3lida trayectoria de 18 a\u00f1os como socio en el estudio Blanco &amp; Etcheverry y una destacada experiencia internacional como socio en Bureau Francis Lefebvre en Uruguay y previamente cinco a\u00f1os como asociado en [...]","protected":false},"author":1,"featured_media":0,"parent":0,"menu_order":0,"comment_status":"open","ping_status":"closed","template":"","meta":{"footnotes":""},"class_list":["post-9413","page","type-page","status-publish","hentry"],"_links":{"self":[{"href":"https:\/\/citadelle.uy\/sitio\/wp-json\/wp\/v2\/pages\/9413","targetHints":{"allow":["GET"]}}],"collection":[{"href":"https:\/\/citadelle.uy\/sitio\/wp-json\/wp\/v2\/pages"}],"about":[{"href":"https:\/\/citadelle.uy\/sitio\/wp-json\/wp\/v2\/types\/page"}],"author":[{"embeddable":true,"href":"https:\/\/citadelle.uy\/sitio\/wp-json\/wp\/v2\/users\/1"}],"replies":[{"embeddable":true,"href":"https:\/\/citadelle.uy\/sitio\/wp-json\/wp\/v2\/comments?post=9413"}],"version-history":[{"count":12,"href":"https:\/\/citadelle.uy\/sitio\/wp-json\/wp\/v2\/pages\/9413\/revisions"}],"predecessor-version":[{"id":9702,"href":"https:\/\/citadelle.uy\/sitio\/wp-json\/wp\/v2\/pages\/9413\/revisions\/9702"}],"wp:attachment":[{"href":"https:\/\/citadelle.uy\/sitio\/wp-json\/wp\/v2\/media?parent=9413"}],"curies":[{"name":"wp","href":"https:\/\/api.w.org\/{rel}","templated":true}]}}